 340472?
True
Is 1711976 a multiple of 19?
True
Does 9 divide 1423548?
True
Is 147513 a multiple of 14?
False
Is 861095 a multiple of 24?
False
Is 29 a factor of 363225?
True
Does 116 divide 223078?
False
Does 3 divide 121862?
False
Does 185 divide 502645?
True
Is 316316 a multiple of 4?
True
Does 20 divide 8678224?
False
Does 20 divide 2408906?
False
Is 425834 a multiple of 13?
False
Is 231 a factor of 703636?
False
Does 158 divide 655226?
True
Does 744 divide 946368?
True
Does 7 divide 3621683?
False
Is 162 a factor of 7453296?
True
Does 118 divide 185850?
True
Is 71 a factor of 1976001?
True
Is 1360987 a multiple of 31?
False
Is 2226500 a multiple of 122?
True
Is 582120 a multiple of 18?
True
Is 244691 a multiple of 132?
False
Does 20 divide 599801?
False
Does 61 divide 4675?
False
Is 4 a factor of 27290?
False
Does 54 divide 19068?
False
Does 618 divide 108768?
True
Does 56 divide 78176?
True
Does 58 divide 1020789?
False
Is 309 a factor of 370800?
True
Does 47 divide 45356?
False
Is 32 a factor of 377568?
True
Is 47 a factor of 1964036?
True
Is 159 a factor of 829980?
True
Does 128 divide 164544?
False
Does 157 divide 53851?
True
Does 8 divide 50724?
False
Is 82 a factor of 3477260?
False
Is 3334176 a multiple of 54?
True
Is 3954707 a multiple of 29?
False
Is 15 a factor of 25172?
False
Is 6966744 a multiple of 45?
False
Is 105 a factor of 3250800?
True
Does 28 divide 395416?
True
Is 115186 a multiple of 15?
False
Is 189 a factor of 1881573?
False
Does 16 divide 4964670?
False
Does 238 divide 570746?
False
Does 5 divide 665520?
True
Does 4 divide 953112?
True
Is 1262331 a multiple of 27?
True
Does 207 divide 3459774?
False
Is 7 a factor of 341905?
False
Is 141 a factor of 5838951?
True
Is 410679 a multiple of 30?
False
Is 26 a factor of 416974?
False
Does 622 divide 742046?
True
Is 198591 a multiple of 316?
False
Does 521 divide 379809?
True
Is 6 a factor of 1261353?
False
Is 3181753 a multiple of 319?
False
Is 311532 a multiple of 78?
True
Does 100 divide 245700?
True
Is 1475 a factor of 5210218?
False
Is 8264503 a multiple of 33?
False
Is 246 a factor of 137760?
True
Is 866 a factor of 21994?
False
Is 14 a factor of 1926951?
False
Is 317280 a multiple of 120?
True
Is 285324 a multiple of 59?
True
Does 90 divide 188640?
True
Is 17 a factor of 25143?
True
Is 2442329 a multiple of 11?
False
Is 86 a factor of 2311852?
True
Is 13 a factor of 206092?
False
Is 83 a factor of 114476?
False
Is 3 a factor of 16790?
False
Does 313 divide 303923?
True
Is 1112904 a multiple of 1066?
True
Is 57 a factor of 211071?
True
Is 693 a factor of 2125322?
False
Does 48 divide 11865?
False
Is 13 a factor of 536149?
False
Is 565 a factor of 1688220?
True
Is 117379 a multiple of 21?
False
Does 123 divide 48339?
True
Is 136 a factor of 5260788?
False
Is 103628 a multiple of 4?
True
Does 102 divide 698496?
True
Does 22 divide 108419?
False
Is 41 a factor of 63796?
True
Does 1062 divide 3018204?
True
Is 56 a factor of 2800056?
True
Is 3466230 a multiple of 86?
True
Does 7 divide 121833?
False
Does 19 divide 481631?
True
Is 202076 a multiple of 10?
False
Is 15 a factor of 436869?
False
Does 12 divide 215634?
False
Is 2748219 a multiple of 118?
False
Is 160749 a multiple of 17?
False
Is 768 a factor of 10553856?
True
Is 280 a factor of 408137?
False
Is 147866 a multiple of 12?
False
Is 130 a factor of 3987230?
True
Is 24 a factor of 301104?
True
Is 70440 a multiple of 71?
False
Is 725610 a multiple of 95?
True
Is 19 a factor of 2137164?
False
Does 23 divide 15494?
False
Is 29 a factor of 5464412?
True
Is 1867 a factor of 393937?
True
Is 4092 a multiple of 22?
True
Is 81 a factor of 1483353?
True
Does 70 divide 3843283?
False
Is 1019 a factor of 12923027?
False
Is 2 a factor of 218746?
True
Does 24 divide 37056?
True
Does 14 divide 93701?
False
Is 38 a factor of 102144?
True
Is 2 a factor of 1295965?
False
Does 67 divide 6548087?
False
Does 13 divide 334739?
False
Is 17 a factor of 35853?
True
Is 10016 a multiple of 32?
True
Is 240398 a multiple of 13?
False
Does 6 divide 169008?
True
Is 51 a factor of 47148?
False
Is 79 a factor of 126030?
False
Is 649 a factor of 425910?
False
Does 79 divide 50220?
False
Is 26 a factor of 197288?
True
Is 1877298 a multiple of 39?
False
Does 25 divide 238249?
False
Does 6 divide 69574?
False
Does 7 divide 169281?
True
Is 123210 a multiple of 222?
True
Does 14 divide 461959?
False
Does 66 divide 2494734?
True
Is 3 a factor of 154224?
True
Is 62 a factor of 268832?
True
Is 8597882 a multiple of 18?
False
Is 28558 a multiple of 258?
False
Is 13 a factor of 472079?
False
Does 71 divide 2222614?
False
Is 86128 a multiple of 15?
False
Does 13 divide 136851?
True
Is 247 a factor of 1998971?
True
Is 12 a factor of 5684222?
False
Does 52 divide 423073?
False
Does 30 divide 1595880?
True
Is 37 a factor of 3431454?
True
Does 51 divide 95047?
False
Does 40 divide 1729040?
True
Does 2 divide 1701?
False
Is 2304392 a multiple of 8?
True
Is 88 a factor of 693780?
False
Is 312 a factor of 68862?
False
Does 533 divide 7703449?
True
Is 93 a factor of 255088?
False
Does 5 divide 18445?
True
Does 38 divide 564798?
False
Is 12 a factor of 2344?
False
Does 33 divide 638476?
False
Does 245 divide 961422?
False
Is 101760 a multiple of 384?
True
Is 106 a factor of 7164964?
True
Is 107070 a multiple of 7?
False
Is 73 a factor of 186296?
True
Does 12 divide 450873?
False
Does 22 divide 420618?
True
Is 116 a factor of 79529?
False
Is 1119378 a multiple of 151?
False
Is 23 a factor of 1018578?
True
Does 555 divide 2801640?
True
Is 19035 a multiple of 81?
True
Does 2 divide 97308?
True
Does 85 divide 50099?
False
Does 17 divide 1365214?
False
Is 277641 a multiple of 339?
True
Is 1497941 a multiple of 3?
False
Is 80712 a multiple of 118?
True
Is 10694350 a multiple of 25?
True
Is 385 a factor of 129329?
False
Is 38 a factor of 1937696?
True
Does 47 divide 85164?
True
Is 102724 a multiple of 10?
False
Is 108 a factor of 119664?
True
Does 90 divide 15930?
True
Does 122 divide 243634?
True
Does 39 divide 129207?
True
Is 406 a factor of 3789939?
False
Is 20474544 a multiple of 48?
True
Is 376803 a multiple of 7?
True
Is 115 a factor of 48990?
True
Is 2 a factor of 276488?
True
Does 151 divide 10482118?
True
Is 54 a factor of 99742?
False
Is 7 a factor of 120645?
True
Is 29 a factor of 4503042?
False
Is 99283 a multiple of 101?
True
Is 43 a factor of 1004867?
True
Is 62 a factor of 379254?
True
Is 7573528 a multiple of 443?
True
Is 889228 a multiple of 131?
True
Does 28 divide 4298336?
True
Is 123291 a multiple of 21?
True
Is 88560 a multiple of 3?
True
Is 25333 a multiple of 13?
False
Is 700 a factor of 95890?
False
Is 9 a factor of 282927?
False
Is 351 a factor of 352404?
True
Is 25 a factor of 59250?
True
Is 265555 a multiple of 13?
False
Does 6 divide 207792?
True
Is 89 a factor of 648899?
True
Does 20 divide 1003730?
False
Is 18 a factor of 307619?
False
Does 190 divide 23687?
False
Is 361 a factor of 5614239?
False
Does 71 divide 172017?
False
Is 15 a factor of 13817466?
False
Does 79 divide 1167067?
True
Does 76 divide 50464?
True
Is 1181290 a multiple of 531?
False
Does 32 divide 1677568?
True
Is 55 a factor of 254650?
True
Is 129 a factor of 1614951?
True
Is 269 a factor of 141420?
False
Is 342590 a multiple of 40?
False
Is 655797 a multiple of 3?
True
Does 72 divide 425516?
False
Is 5 a factor of 4164?
False
Is 296160 a multiple of 57?
False
Does 17 divide 280432?
True
Does 92 divide 56396?
True
Does 38 divide 13332604?
True
Does 71 divide 5470374?
False
Is 17 a factor of 741897?
True
Does 13 divide 56166?
False
Is 160190 a multiple of 121?
False
Is 83409 a multiple of 98?
False
Does 54 divide 238601?
False
Is 305 a factor of 1865102?
False
Is 48829 a multiple of 16?
False
Is 31366 a multiple of 77?
False
Is 32867 a multiple of 113?
False
Is 1788935 a multiple of 5?
True
Is 1122732 a multiple of 52?
True
Is 25 a factor of 288000?
True
Is 17 a factor of 10124877?
True
Does 571 divide 604853?
False
Does 34 divide 547026?
True
Does 105 divide 692895?
True
Is 329295 a multiple of 145?
True
Does 33 divide 5718095?
False
Is 1429653 a multiple of 488?
False
Does 98 divide 10228192?
False
Does 7 divide 146113?
False
Does 117 divide 446711?
False
Does 643 divide 